 t(v) be the third derivative of v**8/10080 + v**6/720 - 3*v**5/10 + 55*v**2. Let a(g) be the third derivative of t(g). What is a(-2)?
9
Let w(i) = -4931 + 2468 + 0*i**2 + 2461 - 3*i - i**2 - 4*i. Calculate w(-6).
4
Suppose 3*b = -2*b. Let j(a) = -82*a**2 - 35*a - 308. Let u(p) = -14*p**2 - 6*p - 53. Let w(k) = 6*j(k) - 35*u(k). Give w(b).
7
Let z(k) be the third derivative of -11*k**4/24 - 53*k**3/2 + 837*k**2 + 3*k. Determine z(-13).
-16
Let b be -10*(-32)/180 + (-2)/(-9). Suppose b*t + 23 = 5*y, -19 = -y + 4*t - 0*t. Let v(q) = q**2 - 2*q - 3. What is v(y)?
0
Let d(c) = 18*c - 48. Let t be d(3). Let j(n) = -2*n + 15. Let o be j(7). Let a(y) = -4 + o - y**2 - 54*y - 3 + 60*y. Calculate a(t).
-6
Let o be (-31)/(-124) + (4 - 15/12 - -3). Let z(j) = 32*j - 198. Determine z(o).
-6
Let k(m) be the third derivative of -m**4/12 - 3*m**2 + 5*m. Let w(y) = -y**2 + 3*y. Let c be w(6). Let r = c - -15. What is k(r)?
6
Let g(i) = -i**3 - 3*i**2 + 2*i - 1. Let j(h) = -h**2 - 7*h - 6. Let w be j(-3). Let y be -5*w/15*-3. Suppose -28*q + 30*q + y = 0. Calculate g(q).
-7
Let u = -38 + 67. Let m(l) = 6*l**2 - 16 - 11*l - 3*l**2 - 2*l**2 + 26*l + u. Calculate m(-14).
-1
Let p(r) = 2*r**3 - 6*r**2 + 4*r - 9. Let h be p(4). Suppose -12*n = 9 + h. Let v(d) = -d**2 - 3*d - 3. Give v(n).
-7
Suppose -44*x - 84 - 268 = 0. Let n(b) = -82*b - 662. Determine n(x).
-6
Suppose 15 + 6 = 7*n. Let r(k) = -1 + 10 - 6 + n*k - k. Let q(d) = d - 17. Let g be q(13). What is r(g)?
-5
Let a(i) = 7*i + 43. Let h be a(-5). Suppose -4*c + 24 = -y + 3, -4*y - 3*c - h = 0. Let b(z) = -z**3 - 4*z**2 + 3*z - 7. Give b(y).
3
Let m(v) be the third derivative of 7*v**4/24 - 58*v**3/3 - 5*v**2 - 23. Calculate m(17).
3
Let h(c) = 2*c**2 + c + 2. Let x(s) = 7*s**2 - 12*s + 57. Let a(z) = 3*h(z) - x(z). What is a(5)?
-1
Let n(k) = k**3 + 4*k**2 - 5*k + 7. Suppose -2*p = 10, 0*p - 170 = -3*u + 4*p. Suppose -110*a + 100*a - u = 0. Give n(a).
7
Let k(p) = p**3 + 9*p**2 + p + 8. Let l = -114 + 102. Let d be (-201)/15 + l/(-30). Let n(q) = -q**3 - 14*q**2 - 13*q - 9. Let w be n(d). What is k(w)?
-1
Let f be 16 + 5/((-105)/273). Let x(i) = i - i + 4*i + 1. Determine x(f).
13
Let b(x) = x**2 + 2*x - 41. Let h = 6968 - 6975. Calculate b(h).
-6
Let g(i) be the third derivative of 0 + 2/3*i**3 + 1/8*i**4 + 0*i + 28*i**2. What is g(-4)?
-8
Let f be 20 + (24 - (88 + -49)). Let r(a) = a**3 - 8*a**2 + 8. Let y(c) = c**3 - 9*c**2 + 8. Let u(l) = 4*r(l) - 3*y(l). Calculate u(f).
8
Let r(s) = -71*s + 13. Let u(f) = -36*f + 4. Let x(h) = r(h) - 2*u(h). What is x(10)?
15
Let w(y) = -y - 33. Suppose 559 + 609 - 301 = -51*m. What is w(m)?
-16
Let m(k) = -32 - 4 + 12 - 5 - 7*k - 8. What is m(-7)?
12
Let f = 10 + -9. Let j(k) = 0 + 1 - f + 5 + 2*k. Suppose -5*v = -a + 5*a + 4, -5*a - 42 = -3*v. Give j(a).
-7
Let z(c) = c + 0*c - c**2 - c. Suppose q - 4*t = -t - 11, 30 = 5*q + 2*t. Suppose 17 - 5 = -q*b. Determine z(b).
-9
Let r(x) = 56*x + 7. Let q(y) be the third derivative of -3*y**4/4 - y**3/3 + 2*y**2 - 18*y. Suppose 4 = -2*h - 0. Let m(u) = h*r(u) - 7*q(u). Calculate m(-1).
-14
Let j(m) = -10 + 6 - 209*m + 123*m + 83*m. Let r(y) = -y**3 + y + 2. Let b be r(2). Give j(b).
8
Let n(d) = d**3 - 9*d**2 - 13*d + 5. Suppose -2*r = -6*j + 3*j + 24, -4*j + 3*r = -31. Determine n(j).
-25
Let y(g) be the third derivative of g**5/60 - 11*g**4/24 + 2*g**3 - 2187*g**2. Give y(10).
2
Let y be 4/(-3) - (-507)/117. Let c(f) be the second derivative of -14*f + f**2 - 1/2*f**y + 0. What is c(2)?
-4
Let f(i) = -9*i**3 - 7*i**2 + 32*i + 2. Let j(u) = -8*u**3 - 6*u**2 + 27*u + 1. Let r(x) = -6*f(x) + 7*j(x). Give r(-3).
58
Let r(a) = 0*a**2 + 122 + 5789*a - 2874*a - 2870*a + a**2. What is r(-42)?
-4
Let s(q) = q**2 - 3*q - 3. Let j = -25 + 125. Let c = 107 - j. Determine s(c).
25
Let w(z) = 11*z + 13644 - 3*z - 6818 - 6816. Calculate w(6).
58
Let k(t) = 3*t + 14. Let c(j) = -2*j - 9. Let b(s) = 7*c(s) + 5*k(s). Let z(n) = n + 4. Let p(m) = -6*b(m) + 11*z(m). What is p(-2)?
-8
Suppose -x = -4*h + 424, h - 113 = 4*x - 22. Let p = 112 - h. Let v(f) = -f**3 + 2*f**2 + 3*f**2 - 6 - 1. Determine v(p).
-7
Let d(x) = 28*x - 51. Let j(h) = 85*h - 159. Let m(v) = 19*d(v) - 6*j(v). Calculate m(1).
7
Suppose -3*x = -4*s - 2*x + 14, -2*x - 7 = -s. Let o(f) = -7*f**2 + 0*f**2 - f - s*f**2. Determine o(-1).
-9
Let f(y) = 2*y + 1. Let r = 364 + -351. Suppose -r*u - 5*u - 18 = 0. Give f(u).
-1
Let j(u) be the third derivative of 0*u - 3/20*u**5 + 0 + 5/3*u**3 + 1/8*u**4 + 1/120*u**6 - 165*u**2. Determine j(8).
-30
Let d(q) = 28*q + 5. Let n = -3822 - -3819. What is d(n)?
-79
Suppose 7*q - 76 = 22. Suppose 4*w - q = -2. Let y(v) = 1 - 16*v + 3*v + w*v. Calculate y(-1).
11
Let t = 4427 - 4418. Let v(g) = g**3 - 11*g**2 + 21*g - 22. Give v(t).
5
Let i(q) be the first derivative of -q**4/4 + 2*q**3 + 3*q**2 + 13*q - 990. Determine i(7).
6
Let n(p) = -50*p + 5. Suppose 34 - 92 = -58*a. What is n(a)?
-45
Let l be (-14)/(-4)*72/126. Let f be (-4)/(-6)*(41 - 38). Let c(k) = 5*k - 2*k**2 + 2*k**l - 3*k**f - 9 + 4*k**2. What is c(-7)?
5
Let l(b) be the first derivative of b**4/4 - 4*b**3 - b**2 - 3*b - 3793. Determine l(12).
-27
Suppose 0 = 27*h - 19*h - 32. Let c(z) = -z**2 + 11*z - 25. Let u be c(h). Let s(d) = -2*d**2 + 4*d - 1. Calculate s(u).
-7
Let l(s) be the first derivative of s**3/3 + 33*s**2/2 + 274*s - 9564. Give l(-16).
2
Let k = -20133 + 20141. Let j(d) = d**3 - 9*d**2 - 9*d + 17. Determine j(k).
-119
Suppose -19*b + 22*b + 5*z = -15, 5*b - 5*z = -25. Let g(t) = t**2 - 5*t - 5. Let m(i) = 3*i**2 - 10*i - 10. Let w(r) = 5*g(r) - 2*m(r). What is w(b)?
-5
Let p(s) = -11*s**3 + 9*s**2 - 12*s + 19. Let f(d) = -d**3 - 2*d. Let u(z) = 10*f(z) - p(z). Give u(10).
1
Let g = 3808 + -3807. Let l(h) = 16*h - 3. What is l(g)?
13
Let h(q) = 1185*q + 25 - 418*q - 391*q - 402*q + 2*q**2 - 8. Calculate h(12).
-7
Let k = 1151 - 1145. Let g(a) = -a**3 + 3*a**2 + 3*a - 1. Calculate g(k).
-91
Suppose d = -7 + 46. Let w(h) = -81*h**2 - 4 + 43*h**2 + 3*h + d*h**2. Give w(-4).
0
Let x(d) be the second derivative of 5*d**3/6 + 76*d**2 + 10*d - 9. Let i be x(-32). Let r(f) = -f**2 - 10*f - 3. Give r(i).
13
Let l be (1 - -11)*(-699)/(-6). Suppose 2*v = 4*k - 5586, -29*k + 30*k - 5*v - 1383 = 0. Let s(m) = l - k - m. Calculate s(8).
-8
Let d(z) = -24 + 24 - z. Suppose -5*c + 5*i - i + 241 = 0, -3*c + 155 = -5*i. Let k = c + -51. Determine d(k).
6
Let b(f) = -4*f + 12. Suppose -3*x + 181 = 163, -d - 5*x = -30. Give b(d).
12
Let m(n) be the third derivative of -1/24*n**4 + 1/120*n**6 + 7/6*n**3 + 6*n**2 - 1/10*n**5 + 0*n + 0. Let r be (-26 - -27)/((-1)/(-6)). Calculate m(r).
1
Let k be 5/(35/(-21)) + (0 - -1). Suppose 0 = b - 2*b + 2. Let q(i) = 2*i + 0 - 7*i + 2*i - b. What is q(k)?
4
Let y(c) be the second derivative of c**6/60 - c**4/8 + 75*c**2/2 - 3*c + 35. Let h(a) be the first derivative of y(a). Calculate h(-2).
-10
Let s(q) be the second derivative of -q**6/360 - q**5/60 - q**4/4 - 140*q**3/3 + 17*q - 10. Let w(i) be the second derivative of s(i). What is w(-4)?
-14
Let b(r) = r**3 + 3*r**2 + r + 1. Let z = 259 - 250. Let t be ((-5)/(-15))/((-1)/z). Determine b(t).
-2
Suppose 47*u + 1363 = -0*u. Let m(g) = g**3 + 31*g**2 + 55*g - 72. What is m(u)?
15
Let s be (8/3 - 2) + (-22)/(-3). Let g(p) = 7*p**2 + 10*p - 7*p**3 + 6*p**3 - 9 + 0. What is g(s)?
7
Suppose -3*c = 3*y + 15, 5*c + 15 = 2*c - y. Let a = -23 - -27. Let z(k) = k**3 + a*k**2 - k + 57 - 59 - 2*k. Determine z(c).
-12
Let j(t) be the third derivative of 3*t**6/40 + t**5/5 + t**4/2 + t**3/3 + 31*t**2 + 36*t. Calculate j(-1).
-7
Let m = 0 + 2. Let u be m - 0*(-1 + 0). Let h(i) be the second derivative of -i**4/12 + i**3/6 - i**2 - 1674*i + 12. What is h(u)?
-4
Let u(m) be the second derivative of m**5/20 + m**4 + 7*m**3/2 + 2*m**2 - 1439*m. Give u(-10).
-6
Let k(n) be the first derivative of -3*n**2 + 43*n + 4498. Calculate k(6).
7
Let c(u) = 2*u**3 + 11*u**2 - 4*u + 3. Let g be c(-6). Let o = 3 - 5. Let y be o/g + 33/(-27). Let q(f) = 9*f**2 - 2*f - 1. Determine q(y).
10
Let d(l) = l**3 - 7*l**2 - 7*l - 8. Let n = 418 - 418. Suppose 10*i - 33 - 47 = n. Determine d(i).
0
Let j(w) = -3*w**3 - 2*w**2 + 1. Let u(s) = -44*s**3 - 19*s**2 - s + 12. Let m(i) = -14*j(i) + u(i). Calculate m(4).
10
Let v(j) = -2*j*